?
240
Let j(q) = 13*q**2 + 13*q - 137. Determine j(5).
253
Let z(c) = 601*c - 551. What is z(1)?
50
Let m(f) = 696*f**2 + 77256*f - 11. Give m(-111).
-11
Let m(c) = -2*c**3 - 25*c**2 + 25*c + 448. Give m(-12).
4
Let z(n) = n**3 - 15*n**2 + 10*n + 117. What is z(13)?
-91
Let a(s) = -3*s**2 - 173*s - 222. Give a(-49).
1052
Let u(s) = -2*s**3 + 22*s**2 + 125*s - 10. What is u(15)?
65
Let v(q) = 5*q**2 - 37*q + 3. What is v(7)?
-11
Let y(v) = -v**3 + 5*v**2 - 6*v + 20. Determine y(5).
-10
Let j(u) = 856*u + 2569. Give j(-3).
1
Let l(i) = -i**2 + 1908*i + 7652. Determine l(-4).
4
Let c(d) = 685*d - 26715. Give c(39).
0
Let v(l) = -l**2 + 6*l + 119. Give v(-8).
7
Let f(l) = -l**3 - 20*l**2 - 26*l - 125. Calculate f(-19).
8
Let t(w) = w**2 - 18*w - 212. What is t(24)?
-68
Let c(u) = u**3 + 18*u**2 + 10*u - 118. Give c(-17).
1
Let i(m) = m - 794. What is i(67)?
-727
Let o(k) = 144598*k + 433794. Determine o(-3).
0
Let u(h) = -h**3 - 54*h**2 - 244*h - 6. What is u(-49)?
-55
Let c(w) = w**3 + 60*w**2 + 222*w - 85. Give c(-56).
27
Let d(b) = b**3 + 34*b**2 + 18*b - 509. Give d(-33).
-14
Let h(g) = -25*g**2 - 180*g + 163. Calculate h(-8).
3
Let t(o) = 204*o - 741. What is t(5)?
279
Let x(h) = 31*h + 255. Give x(-8).
7
Let q(f) = -6433*f + 19318. Calculate q(3).
19
Let y(t) = -2*t**3 + 112*t**2 - 18*t + 1009. What is y(56)?
1
Let f(o) = 67*o**2 + 126*o + 123. Give f(-1).
64
Let d(f) = -172*f - 868. What is d(-5)?
-8
Let s(f) = f**3 - 26*f**2 - 87*f + 4. Calculate s(29).
4
Let c(p) = -2124*p - 10626. Determine c(-5).
-6
Let z(a) = -2*a**3 + 34*a**2 - 64*a + 23. Give z(15).
-37
Let n(w) = 181*w**3 - w**2. What is n(-1)?
-182
Let s(g) = -g**3 - 5*g**2 - 81*g - 644. Determine s(-7).
21
Let m(a) = a**3 + 6*a**2 + 3*a + 14. What is m(-6)?
-4
Let r(d) = 2206*d**2 - 8823*d - 7. Determine r(4).
-3
Let j(n) = -3*n**2 + 64*n + 68. Give j(23).
-47
Let w(r) = r**3 - 16*r**2 - 4*r + 98. Give w(13).
-461
Let t(d) = 4*d**2 - 18*d + 13. Give t(6).
49
Let y(h) = h**3 + 18*h**2 - 101*h + 154. What is y(-23)?
-168
Let i(q) = -3*q**2 - 163*q - 1978. Calculate i(-36).
2
Let p(r) = -2*r**3 + 2*r**2 - 7*r - 6. What is p(0)?
-6
Let j(o) = 3*o**3 + 102*o**2 + 99*o - 46. Give j(-33).
-46
Let y(i) = 2*i**2 - 9*i - 28. Calculate y(-4).
40
Let l(c) = -4*c**2 - 85*c - 170. Give l(-19).
1
Let t(u) = -14*u + 109. What is t(11)?
-45
Let s(v) = 14*v**2 + 10*v + 64. Determine s(-4).
248
Let u(g) = 2*g**3 - 2*g**2 + 16*g + 65. Calculate u(-5).
-315
Let d(u) = 1467*u + 11923. What is d(-8)?
187
Let p(o) = o**3 + 20*o**2 + o + 485. Determine p(-21).
23
Let g(b) = b**2 + 6*b - 61. What is g(-21)?
254
Let n(q) = 5559*q - 11119. Calculate n(2).
-1
Let q(w) = -w**2 - 1103*w - 6558. Calculate q(-6).
24
Let g(p) = 2*p**3 + 360*p**2 + 363*p + 893. What is g(-179)?
-2
Let p(h) = -2*h**2 + 85*h - 558. Determine p(34).
20
Let w(y) = -y**3 - 6*y**2 - 5*y - 51. Determine w(-5).
-51
Let d(v) = v**2 + 24*v - 124. Determine d(-27).
-43
Let n(b) = -76*b + 6068. What is n(80)?
-12
Let p(r) = -r**2 + 59*r - 30. Calculate p(0).
-30
Let u(t) = 12*t**2 + 41*t - 40. Give u(-5).
55
Let g(z) = -107*z + 2360. Determine g(14).
862
Let t(q) = 9574*q + 47861. Calculate t(-5).
-9
Let k(b) = 84*b + 1100. Determine k(-13).
8
Let t(u) = 53*u**3 - 8*u**2 - 13*u - 5. Calculate t(-2).
-435
Let g(o) = -177*o + 1621. Determine g(9).
28
Let q(c) = 13*c - 612. Determine q(73).
337
Let z(p) = -41*p + 87. Give z(7).
-200
Let r(x) = -9*x**2 - 2559*x - 818. Give r(-284).
34
Let h(n) = 38*n + 237. Determine h(-11).
-181
Let j(h) = -9*h**2 - 82*h - 39. Give j(-8).
41
Let u(p) = -p**3 - 5*p**2 - 13*p + 64. What is u(-11)?
933
Let n(x) = -8*x**2 - 6*x - 11. Give n(-3).
-65
Let l(c) = -2*c**3 - 49*c**2 - 26*c - 50. Determine l(-24).
-2
Let b(r) = 259*r + 1034. Calculate b(-4).
-2
Let c(y) = 4*y**3 + 51*y**2 - 19*y - 261. Give c(-13).
-183
Let a(r) = 13*r**2 - 5*r - 8. Determine a(4).
180
Let s(z) = -91*z + 1010. Calculate s(11).
9
Let w(l) = -16*l**2 + 25*l - 9. Calculate w(7).
-618
Let s(p) = -152*p - 15070. Calculate s(-99).
-22
Let y(h) = -7*h + 839. Give y(6).
797
Let q(o) = -174*o**3 - 3*o**2 - 5*o - 1. Calculate q(-1).
175
Let d(k) = -k**2 + 19*k - 110. Calculate d(8).
-22
Let u(n) = 2*n**2 - 68*n + 57. Determine u(33).
-9
Let x(z) = -z**2 + 23*z - 62. Determine x(13).
68
Let b(j) = j**3 - 64*j**2 - 69*j + 403. Calculate b(65).
143
Let x(n) = -10*n**3 + 4*n**2 - 11*n - 32. Calculate x(-3).
307
Let n(b) = -2*b**2 - 86*b - 555. Give n(-8).
5
Let u(r) = -r**3 + 4*r**2 + 12*r - 6. Calculate u(7).
-69
Let d(n) = -6*n + 32. What is d(31)?
-154
Let r(i) = -62*i - 150. Determine r(-2).
-26
Let s(u) = -u**3 + 13*u**2 + 5*u + 104. What is s(14)?
-22
Let r(c) = -177*c - 5. Give r(1).
-182
Let k(r) = 17*r + 5. Calculate k(1).
22
Let i(o) = -o**2 + 48*o - 140. Determine i(48).
-140
Let h(t) = -t**3 + 18*t**2 - 44*t - 73. Calculate h(7).
158
Let o(v) = v**3 - 26*v**2 - 2324*v + 55032. Give o(23).
-7
Let v(o) = 187*o**2 + 23*o - 25. What is v(1)?
185
Let l(q) = -q**3 + 89*q**2 + 91*q - 72. Give l(90).
18
Let m(j) = -7*j**2 - 47*j + 1. Give m(-7).
-13
Let b(v) = v**2 + 510*v - 11699. Calculate b(22).
5
Let a(p) = -11*p**2 - 88*p + 18. Determine a(-8).
18
Let f(a) = -55*a**2 - 19*a - 1. Determine f(0).
-1
Let q(v) = -31*v**3 - 2*v**2 - v - 4. Calculate q(-2).
238
Let w(y) = -y**3 - 63*y**2 + 62*y + 46. Determine w(-64).
174
Let k(i) = i**3 + 14*i**2 + 33*i + 247. Calculate k(-13).
-13
Let a(m) = -9*m + 22. What is a(3)?
-5
Let c(s) = 46*s + 1030. What is c(-22)?
18
Let v(g) = 19*g**2 - 242*g - 61. Determine v(13).
4
Let k(n) = 4*n - 44. Give k(11).
0
Let b(m) = 151*m - 13137. Determine b(87).
0
Let o(n) = -52*n + 29. Give o(-1).
81
Let m(i) = 2*i**2 + 762*i + 2287. Give m(-3).
19
Let m(s) = s**2 - 295*s + 21798. Determine m(151).
54
Let y(r) = r**3 - 4*r**2 + 14*r - 20. Give y(3).
13
Let f(n) = n**3 - 108*n**2 - 2*n + 217. Determine f(108).
1
Let d(v) = -9*v**2 + 100*v - 24. Determine d(11).
-13
Let h(s) = -s**3 - 5*s**2 + 60*s - 82. Calculate h(-11).
-16
Let f(v) = 15*v - 440. Determine f(33).
55
Let z(v) = -7*v**2 + 5*v + 7. Give z(-4).
-125
Let l(v) = 12*v**3 + 298*v**2 - 50*v - 2. What is l(-25)?
-2
Let j(y) = 29*y - 76. What is j(4)?
40
Let r(f) = 2*f**3 + 4*f**2 - 54*f + 52. Calculate r(1).
4
Let i(u) = -20*u**2 - 1476*u - 1161. Determine i(-73).
7
Let t(m) = m**3 + 37*m**2 - 5*m - 200. What is t(-37)?
-15
Let s(u) = -421*u + 5892. Determine s(14).
-2
Let m(v) = 8*v**3 + 37*v**2 - 63*v - 321. What is m(-5)?
-81
Let z(b) = -276*b - 67. Calculate z(-1).
209
Let h(g) = g**3 + 24*g**2 + 24*g + 31. Give h(-23).
8
Let v(x) = -23*x**3 + 14*x + 13. Give v(-1).
22
Let x(k) = 57*k + 726. Determine x(-10).
156
Let p(y) = -y**2 + 144*y - 3071. What is p(118)?
-3
Let o(h) = -4*h**3 + 75*h**2 - 43*h - 203. What is o(18)?
-5
Let f(t) = 4*t**3 - 35*t**2 + 35*t - 92. What is f(8)?
-4
Let x(o) = -o**3 + 80*o**2 - 80*o + 71. Determine x(79).
-8
Let d(k) = 77*k + 1783. Determine d(-23).
12
Let a(d) = -d**3 - 67*d**2 - 194*d - 142. Determine a(-64).
-14
Let l(x) = -459*x - 974. Calculate l(-2).
-56
Let r(t) = 598*t - 10167. Calculate r(17).
-1
Let g(t) = -3*t**2 + 43*t - 224. What is g(7)?
-70
Let s(v) = v - 221. Determine s(-21).
-242
Let k(u) = 29*u - 361. Give k(9).
-100
Let k(j) = -j**3 - 47*j**2 + 9*j + 402. What is k(-47)?
-21
Let l(k) = -22*k - 16. Calculate l(-1).
6
Let u(y) = y**3 + 152*y**2 - 1969*y + 16. Calculate u(12).
4
Let i(h) = h**2 - 14*h + 62. What is i(7)?
13
Let l(t) = -3*t + 280. Calculate l(95).
-5
Let h(n) = 8*n**3 + 3*n**2 + 17*n + 24. Determine h(-3).
-216
Let y(w) = -216*w - 8071. Calculate y(-37).
-79
Let l(q) = q**2 + 46*q + 505. Calculate l(-26).
-15
Let b(x) = 33*x - 3402. Determine b(93).
-333
Let b(s) = 7*s**2 + 60*s - 30. What is b(-10)?
70
Let y(b) = -2*b**2 - 775*b + 5424. What is y(7)?
-99
Let t(w) = -2*w**3 + w**2 + 12*w + 30. Calculate t(4).
-34
Let t(m) = 31*m + 843. What is t(-27)?
6
Let d(z) = 32*z + 35. What is d(0)?
35
Let d(l) = -7*l**2 + 171*l - 96. What is d(25)?
-196
Let v(s) = -2*s**3 - 23*s**2 + 24*s + 34. Give v(-12).
-110
Let r(a) = -2*a**2 + 337*a + 3569. Calculate r(-10).
-1
Let i(u) = -u**2 + 11*u + 59. Calculate i(14).
17
Let t(k) = 2*k**2 - 29*k - 7. What is t(10)?
-97
Let f(j) = -4*j**3 - 53*j**2 - 13*j -